git of z?
2
Suppose w + 41393 = 2*n, 82*w - 103493 = -5*n + 86*w. What is the thousands digit of n?
0
Let l = -15164 + 28692. What is the ten thousands digit of l?
1
Let a = 19864 + -1643. What is the tens digit of a?
2
Let g = 44192 + -20790. What is the units digit of g?
2
What is the thousands digit of 1 - -22689 - -27*(-2)/(-6)?
2
Suppose 19*v - 93766 = 111*v - 301962. What is the thousands digit of v?
2
Suppose 3*x = k - 34, 5*k = -2*x - 93 + 246. Let t = 33 - k. Suppose t*v + v - 471 = 3*m, -5*v = -m - 765. What is the hundreds digit of v?
1
Suppose 0 = -30*m + 38*m + 1968. Suppose 2*d = 350 + 528. Let x = d + m. What is the hundreds digit of x?
1
Suppose 3*v + 114*s - 40304 = 113*s, -4*s = -20. What is the hundreds digit of v?
4
Suppose 2*k = -4*i + 1302, -k + 966 - 319 = i. Let c = k + -508. What is the units digit of c?
5
What is the ten thousands digit of (870/232)/(246156/82048 - 3)?
2
Let w be 4 - ((4 - 4) + 4). Suppose 3*l - 366 - 474 = w. What is the tens digit of l?
8
Let q(i) be the second derivative of i**5/20 - i**4/2 + 5*i**3/3 - 43*i**2/2 + 41*i - 1. What is the tens digit of q(7)?
7
Suppose 1676 + 2952 = 2*b + v, b + v - 2315 = 0. Suppose b + 3119 = 8*w. What is the units digit of w?
9
Let c(l) = l**3 + l**2 + 40*l - 11. Let v be c(-6). Let d = -181 - v. What is the hundreds digit of d?
2
Let o(x) = -x + 443. What is the tens digit of o(-43)?
8
Suppose 4*d = -j - 0*d + 30, 0 = j + 7*d - 27. What is the units digit of j?
4
What is the hundreds digit of (-10)/(-65) + (-42)/104 + (-660324)/(-16)?
2
Suppose 272*z - 282*z + 180 = 0. Suppose -z*o = 2*o - 28860. What is the hundreds digit of o?
4
Let z(g) be the third derivative of g**6/120 - g**5/30 + g**4/6 + g**3/2 + 3*g**2. Suppose -145 = 5*w - 170. What is the units digit of z(w)?
8
Suppose -8*h + 81270 - 10782 = 3*h. What is the hundreds digit of h?
4
Let y = -108 + 107. Let n be -2190*(0 - y/(-2)) - 1. Suppose -3*j = -d - 818, 4*j - 2*d - n = -0*d. What is the units digit of j?
1
Let r(j) = 18*j + 13. Let z be r(-3). Let d = 45 + z. Suppose -5*t - 22 = -2*f, -d*f + 0*f + 4*t = -68. What is the tens digit of f?
2
Let r = 34 + -30. Let y(o) = 4*o**3 - 3*o**2 - 8*o - 2. Let g be y(r). Suppose 25*s = 28*s - g. What is the tens digit of s?
5
What is the units digit of 3 + 7686*52/13?
7
Let k be ((-6)/(-4) + 0)/(3/14). Let c(h) = 16*h + 19. Let l be c(k). Suppose 10*q - l = 1429. What is the tens digit of q?
5
Let j(d) = 1004*d + 1167. What is the hundreds digit of j(4)?
1
Let y(m) = m**2 + 8*m + 8. Suppose 14*k - 15*k = 7. Let z be y(k). What is the tens digit of (z + -4)*(-31 + -2)?
9
Let v(h) = h**2 + 13*h - 32. Let n be v(-15). Let s(d) = 2*d**2 + d - 4. Let x be s(n). Suppose -x*r - 665 = -7*r. What is the units digit of r?
3
Let d(k) = k**3 - 25*k**2 + 24*k + 328. What is the tens digit of d(25)?
2
Suppose 172*m - 3085 + 981 = 4604. Let u(l) = -5*l**3 - l**2 + 1. Let y be u(-1). Suppose y*p - m = 301. What is the tens digit of p?
6
Let p(t) be the second derivative of -t**5/20 - t**4/12 + 11*t**3/6 - 12*t**2 + 125*t. What is the units digit of p(-10)?
6
Let w(v) = 599*v - 344. What is the hundreds digit of w(21)?
2
Suppose 65*r + 183345 + 40714 = 76*r. What is the thousands digit of r?
0
Suppose 1661 + 1163 = 4*h. Let f = 1252 - h. What is the tens digit of f?
4
Suppose 15*c - 1019095 = -11*c + 1436527. What is the tens digit of c?
4
Suppose -4*u + a = 5*a + 88, a = -5*u - 106. Let h be (180/u)/(-5)*(3 + 4). Suppose h = 4*s, 0 = w + 3*w - s - 169. What is the units digit of w?
3
What is the thousands digit of ((-94)/5 - -7)*-3235?
8
Suppose 2*a - 3*a + 133 = 0. Suppose 4*g - 2*g - 8 = -l, -2*l - g = -7. Suppose 3*u = -p - 16 + a, 154 = 4*u + l*p. What is the tens digit of u?
4
Let t = 47549 - 32042. What is the thousands digit of t?
5
Let o be 1766/10 + 8/20. Suppose -o = 3*x - 1161. What is the tens digit of x?
2
Let l(o) = -89*o - 20. Let f(c) = 14*c + 82. Let a be f(-6). What is the hundreds digit of l(a)?
1
Suppose -2*r = 2*x - 12, 5*r + 4*x = -159 + 184. Let s(c) = 1180*c - 32. What is the tens digit of s(r)?
4
Let k(t) = 30*t**2 - 5*t - 8. Let j be k(-2). What is the hundreds digit of (j/16*-6)/(36/(-240))?
3
Suppose 0 = -5*f - 5*l + 50, 0*f + 34 = 3*f + 5*l. Let p(k) = -f + 41*k**2 + 2 + 23*k - 39*k**2. What is the units digit of p(-12)?
6
Let f(k) be the first derivative of 6*k**3 - 3*k**2 + 15*k - 3. Let b = 788 + -785. What is the units digit of f(b)?
9
Suppose 2*q - 105455 = 5*i, -63*q + 67*q + i = 210833. What is the hundreds digit of q?
7
Let j be (266/(-18))/(-1) - 36/(-162). Suppose 2*q - 15878 = -j*q. What is the tens digit of q?
3
Let a(g) = -3412*g - 703. What is the tens digit of a(-5)?
5
Let c = 3148 + 1319. What is the tens digit of c?
6
Let f(c) = -5*c**3 - 14*c + 23. Let s(t) = -4*t**3 - 12*t + 23. Let w(d) = -3*f(d) + 4*s(d). What is the units digit of w(-7)?
8
Let q be 0 + 7 + (-12)/3. Suppose 2*v - q*v + r - 190 = 0, 2*v = -5*r - 345. Let m = v - -281. What is the units digit of m?
6
Suppose 0 = 97*y - 98*y + 11. Suppose -3*g = y + 1, -3828 = -4*c + 3*g. What is the hundreds digit of c?
9
Suppose -3*y = 3, 3*o - 28 = 3*y + 17. Let x(i) = -3*i + 24 + 6*i - i + 8. What is the units digit of x(o)?
0
Suppose 123451 = -63*l + 92*l - 625909. What is the hundreds digit of l?
8
Suppose -5*v = 3*v - 44160. Suppose 24*u - u = v. What is the units digit of u?
0
Let b(g) be the second derivative of 211*g**4/12 + 13*g**3/6 - 19*g**2/2 - 3*g + 1. What is the units digit of b(2)?
1
Let q = -136 - -210. Suppose -6*j + q = -406. What is the units digit of j?
0
Let t(m) = 40*m**2 - 15*m - 35. Let q be t(-26). Suppose -29*o + 27154 = -q. What is the units digit of o?
1
Suppose -41390 = 695*j - 698*j + 5*x, 3*x = 4*j - 55161. What is the thousands digit of j?
3
Let c(l) = 3*l**2 - 6*l - 9. Let u be c(-6). Suppose 264*k = 125*k - 2293 - 2155. Let d = u + k. What is the tens digit of d?
0
Let p(v) = 16*v**2 - 16*v + 359. What is the ten thousands digit of p(-25)?
1
Let m = 7169 - -21218. What is the tens digit of m?
8
Let s = -128 + 131. Suppose 3*v + 739 = -q, -s*v + q - 1221 = 2*v. Let p = 12 - v. What is the hundreds digit of p?
2
Let y be (-4)/18 + (-2030)/18. Suppose u - 243 = -5*b, -349*b + 235 = u - 352*b. Let j = u + y. What is the units digit of j?
5
Let z = 121 - 314. Let d be (-5 - -2)/((-3)/(-138)). Let n = d - z. What is the tens digit of n?
5
Let k = 12033 + 10819. What is the ten thousands digit of k?
2
Let x be (-370 - -11)*(1 - 2). Suppose 0 = -x*w + 356*w + 684. What is the hundreds digit of w?
2
Suppose 32*r + 5*z = 57*r - 276425, -r = -2*z - 11066. What is the tens digit of r?
5
Suppose 871 = k + 235. Let d = k - 184. What is the units digit of d?
2
Let c = 17726 - 12619. What is the tens digit of c?
0
Suppose z = -2*q - 613 + 36, 0 = 4*z + 3*q + 2313. Let s = -114 - z. What is the hundreds digit of s?
4
Let f(w) = w + 1. Let j be f(2). Suppose j*o + o - 1080 = 0. What is the units digit of 4/16 + o/8?
4
Let h = -24101 + 40554. What is the tens digit of h?
5
Suppose 0*g + 4*g = 0, 2*o = 4*g + 8. Let n(a) = 4*a**2 + 6*a + 2. Let z be n(-4). What is the tens digit of z/o*672/63?
1
Suppose -d - 45 + 294 = 0. Suppose d + 563 = 4*n. What is the units digit of n?
3
Let x(o) = -2*o**3 - 16*o**2 - 12*o - 193. What is the units digit of x(-17)?
3
Let z be ((-28)/(-3))/2 + 5/15. Suppose 0 = 3*j + z*x - 386, j + 5*x - 85 = 37. Let k = j - 126. What is the units digit of k?
6
Suppose -7*t = -y - 12*t + 30, 4*y + 4*t - 40 = 0. Suppose 0 = -f - 4*z + 671, -5*f + 2808 = -y*z - 572. What is the units digit of f?
5
Let v(g) = 12*g**2 - 3*g + 2. Suppose -3*k - 5 = -y + 50, y - 47 = k. Let j = -42 + y. What is the units digit of v(j)?
1
Suppose 0 = 4*f - 6*f + 20. Suppose 344 = 2*u - f*u. Let b = 46 + u. What is the units digit of b?
3
Suppose 0 = -4*n + 11*n - 3619. Let p(r) = -43*r**3 + 4*r**2 - 3*r. Let h be p(2). Let g = n + h. What is the hundreds digit of g?
1
Let v(d) = 16*d**2 - 3*d + 33. Let i(w) = -19*w**2 + 4*w - 32. Let f(r) = 5*i(r) + 6*v(r). What is the units digit of f(36)?
6
Suppose -17*u = -u + 16928. Let m = 2068 + u. What is the units digit of m?
0
Suppose 0 = 14*v + 3*v - 85. Suppose 4*c - v = 3*p, -5*c + 0*c - 3*p + 13 = 0. Suppose -y = -2*y 